 remainder when v is divided by 8?
5
Suppose 5*i - 3*i + 4*y = 0, -5*y = 15. Suppose 7*n = i*n + 3. Suppose n = -3*r, -4*h + 3*r + 13 = -14. What is the remainder when 10 is divided by h?
4
Suppose -8*w + 600 = 64*w - 336. What is the remainder when 0/1 - (-36 + 1) is divided by w?
9
What is the remainder when 376 + -2 + 3 + -9 is divided by 6?
2
Let w = 2 + -10. Let i = -209 - -223. What is the remainder when 6*(0 + (-36)/w) is divided by i?
13
Suppose 259 = 11*u - 467. Calculate the remainder when u is divided by 7.
3
Let f = 32 - 3. Let u = 3 - f. Let j = u - -47. What is the remainder when j is divided by 12?
9
Let r(j) = -j**3 - 22*j**2 - 43*j - 9. Calculate the remainder when 246 is divided by r(-20).
42
Let l(t) = -t**3 + 5*t**2 + 1. Calculate the remainder when 117 is divided by l(4).
15
Suppose 5*p = 20, 3*n = -3*p + 73 + 92. Suppose -4*c + 70 = -x, 4*x - 40 - 58 = -5*c. Calculate the remainder when n is divided by c.
15
Let d(c) = -c**3 - 2*c**2 - c + 3. Calculate the remainder when d(-5) is divided by (9/(-3) - -1)*21/(-3).
13
Suppose -4*f = -2*u - 272, -2*f - 5*u = -2*u - 136. What is the remainder when 76 is divided by f?
8
Let p = -658 - -659. What is the remainder when 20 is divided by p?
0
Suppose -32 = -3*y + 76. Suppose 21*z - 19*z - y = 0. What is the remainder when 125 is divided by z?
17
Let d = -196 + 200. What is the remainder when 18 is divided by d?
2
Suppose 5*z - 206 = 3*z. Suppose 102*s + 53 = z*s. Calculate the remainder when s is divided by 11.
9
Let d be 28/(-21)*(2 + -8). What is the remainder when 2 is divided by -1*4/d*-2?
0
What is the remainder when 135 is divided by ((-5)/3*-1)/((-240)/(-2016))?
9
Let g = 813 + -529. Calculate the remainder when g is divided by 36.
32
What is the remainder when (-16344)/(-28) + 8 - (-6)/21 is divided by 27?
25
Suppose 2*s - 5*s = -27. Suppose -3*x - 44*t + 50 = -45*t, 5*x - 88 = -3*t. Calculate the remainder when x is divided by s.
8
Suppose 16 = -h + 4*r, -2*r + 0*r + 8 = -h. Let n = -2 - h. Let j = 8 + n. What is the remainder when 16 is divided by j?
4
Let a = -1348 + 1982. What is the remainder when a is divided by 16?
10
Calculate the remainder when 77 is divided by (3/(-6))/((-4 + 6)/(-156)).
38
What is the remainder when 256 is divided by 1*5/(-2)*-8?
16
Let w(v) = v**3 - 16*v**2 - 6*v + 76. Calculate the remainder when w(17) is divided by 44.
43
Let x be (16/(-12))/((5/42)/(-5)). What is the remainder when 263 is divided by ((-84)/x)/((-2)/88)?
65
Let x = 16 - 16. Let a be 30 + x/(-1) + -1. Calculate the remainder when (a - -6)*7/5 is divided by 25.
24
Let f(v) = -2*v**3 + 8*v**2 - 2*v - 15. Let j be f(5). Let a = 90 + j. What is the remainder when 54 is divided by a?
9
Suppose 0 = -26*v + 42*v - 336. What is the remainder when v is divided by 8?
5
Suppose 204 = -9*h + 21*h. What is the remainder when h is divided by 2/(3/((-42)/(-4)))?
3
Let p be 64/6*(105/10)/7. Suppose p*c - 882 = 10*c. Calculate the remainder when c is divided by 25.
22
Let h = -1067 - -1080. Calculate the remainder when 86 is divided by h.
8
Let h(p) = -4*p + 4. Let k be h(-5). Suppose t = -3*t + k. Suppose -13*d = -33*d + 320. Calculate the remainder when d is divided by t.
4
Let i = -47 + 66. Calculate the remainder when 89 is divided by i.
13
Let x(o) = -4*o + 185. Calculate the remainder when x(29) is divided by 47.
22
Let a = 5 - -138. Suppose 42*t - 589 = 923. Calculate the remainder when a is divided by t.
35
Suppose 6*t = 10*t - 84. Calculate the remainder when 33 is divided by t.
12
What is the remainder when 4 - -3 - (-5)/(-15)*3 is divided by 3?
0
Let a = -28 - -45. Suppose 10*w = -102 - 58. Let y(r) = r**3 + 14*r**2 - 37*r - 13. Calculate the remainder when y(w) is divided by a.
16
Let n = 12 - 10. Suppose 19 - 21 = -u. What is the remainder when n is divided by u?
0
Let i be (-3)/(2/8*-6). Let l be i - (200*-1 + 4). Suppose 2*b + 4*b = l. What is the remainder when 65 is divided by b?
32
Suppose 21 = 3*s - 30. Suppose -12 = l - 0*l. Let z = 18 + l. What is the remainder when s is divided by z?
5
Let o = -44 + 30. Suppose 4*u - 78 - 62 = 0. Calculate the remainder when u is divided by 166/18 + o/63.
8
Let g(u) = -u**3 - 4*u**2 + 5*u + 2. Let x be (-70)/(-20)*(-4)/(-2). Calculate the remainder when x/3 + 4/6 is divided by g(-5).
1
Let r = 9 + -29. What is the remainder when r/5*7/(-2) is divided by 8?
6
Calculate the remainder when 285/2*(-4)/(-5) is divided by (4 - 1)*24/(2160/390).
10
Let q be (-8)/6*(-33)/(-22). Let s = -33 - -54. What is the remainder when s is divided by (-90)/(-5)*q/(-6)?
3
Suppose 89 = 12*x - 79. Calculate the remainder when 135 is divided by x.
9
Let z(b) = 11*b**2 + 16*b - 47. What is the remainder when z(6) is divided by 56?
53
Let s(h) = h**2 - 62*h - 4. Let i(f) = -f**2 + 123*f + 7. Let r(j) = -3*i(j) - 5*s(j). What is the remainder when 53 is divided by r(-29)?
25
Let v(m) = 50*m**3 + 1. Let r be v(1). Suppose 20 = -5*i, -5*n + 108 + 25 = -2*i. Calculate the remainder when r - (0 + -2 - -5) is divided by n.
23
Suppose 42 = 2*y - d, 2*y - 5*d - 43 + 9 = 0. Let a(i) be the second derivative of -i**3/6 + 17*i**2/2 + 3*i. What is the remainder when y is divided by a(12)?
2
Let w = -3 + 6. Let m(y) = 8 + y**3 + w*y + 7*y**2 - 9 - 2*y**2. What is the remainder when m(-3) is divided by 5?
3
Suppose 0 = g + 2*g + 2*k - 2, -5*k = 10. Suppose 3*u + d + d = 122, -g*u + 2*d = -78. What is the remainder when 118 is divided by u?
38
Let u(p) = 5*p + 63. Suppose -2*y = 3*y + 20, -f + 2*y + 59 = 0. What is the remainder when u(7) is divided by f?
47
Let y(o) be the first derivative of 2*o**2 + 6*o + 4. Let d be y(-5). Let z = -9 - d. What is the remainder when 12 is divided by z?
2
Let x = 974 - 959. What is the remainder when 206 is divided by x?
11
Let h(x) = -8*x + 167. What is the remainder when h(7) is divided by 40?
31
Let a be -2 - (-10 - -6) - (-154)/1. Suppose -11*k - 2*k + a = 0. What is the remainder when k is divided by 3?
0
Let c(j) = 18*j**2 + j + 1. Suppose -19 = -d + 5*l, -3*d + 7 = -2*l + 2. Calculate the remainder when 35 is divided by c(d).
17
Calculate the remainder when ((-84)/(-16))/(4/16) is divided by 12.
9
Suppose -q + 6*q - 5*u = 690, 0 = 2*q - 3*u - 274. Calculate the remainder when q is divided by 29.
24
Let m = 12 - -62. Calculate the remainder when 517 is divided by m.
73
Calculate the remainder when 16 - 3*(-5 - -4)*1 is divided by 10.
9
Let v be (-666)/(-12)*(2 - 0). Let g = 24 + 8. Calculate the remainder when g/(-24)*v/(-2) is divided by 19.
17
Suppose -5*c + 30 + 10 = 3*w, -40 = -4*c - 4*w. Suppose 4*r = -3*x + 101, r + 70 = 4*x - 33. What is the remainder when x is divided by c?
2
Let d(k) = 2*k + 4. What is the remainder when 19 + 3 + -10 + 51 is divided by d(6)?
15
Let u(m) = -7*m**2 - 18*m + 34. Let n(y) = y**2 + 1. Let s(z) = -6*n(z) - u(z). What is the remainder when 40 is divided by s(-21)?
17
Suppose 5*d - 2 = 3*w - 7, -2*w + 2 = -2*d. Suppose w = -6*s + 10*s - 32. Suppose 10 = -2*j, 2*j = -o - j + 6. Calculate the remainder when o is divided by s.
5
Suppose 0 = -2*j - 6 + 40. Suppose 0 = -7*r + 3*r - 32. Calculate the remainder when j is divided by (0 - 12)*r/16.
5
Let y(q) = -5*q**3 + 2*q**2 + q - 1. Let d be y(-1). Suppose -3*v + 4*j = 2*j - 99, 3*j + 166 = d*v. What is the remainder when v is divided by 23?
12
Suppose 12*b - 15*b = -189. Calculate the remainder when b is divided by 29.
5
Suppose 0*b + 5*b + 10 = 0. Let w be 8/(-16) - 47/b. Let h = w - -2. What is the remainder when h is divided by 13?
12
Let i(w) = w + 7. Suppose -39 + 15 = 6*a. Let b be i(a). Suppose -b*k = -2*x - 6*k + 18, 0 = x + 4*k - 14. What is the remainder when 17 is divided by x?
5
Let b(j) = j**3 - 14*j**2 + 44*j + 17. Suppose -5*l - 115 = -5*x, 7*l = x + 4*l - 15. Calculate the remainder when x is divided by b(9).
3
Let d(l) = 4*l + 16*l - 5 + 38*l + 6. Let u be (2/(-6))/(2/(-6)). What is the remainder when d(u) is divided by 20?
19
Let z(u) = -u - 2. Let r be z(-9). Let g(y) = -y**3 + 6*y**2 + 7*y + 7. Let n be g(r). Suppose 0*b - b = -n. Calculate the remainder when 20 is divided by b.
6
Let b(t) = -t**3 - 28*t**2 + 2*t + 60. Let v be b(-28). Suppose -v*k = 5*y - 2 - 2, 3*y = -2*k. Calculate the remainder when 12 is divided by k.
0
Let n =